{"id":2453,"date":"2024-04-15T11:53:50","date_gmt":"2024-04-15T11:53:50","guid":{"rendered":"https:\/\/zuckersammler.net\/?page_id=2453"},"modified":"2025-07-11T20:04:04","modified_gmt":"2025-07-11T20:04:04","slug":"webmaster-ueber-mich","status":"publish","type":"page","link":"https:\/\/zuckersammler.net\/?page_id=2453","title":{"rendered":"Webmaster &#8211; \u00dcber mich"},"content":{"rendered":"\n<p>Dass man viele Dinge sammeln kann, ist jedem bekannt. So auch mir. Vor vielen Jahren habe ich mich mit<\/p>\n\n\n\n<ul class=\"wp-block-list\">\n<li>Briefmarken<\/li>\n\n\n\n<li>Bierdeckeln oder <\/li>\n\n\n\n<li>M\u00fcnzen<\/li>\n<\/ul>\n\n\n\n<p>besch\u00e4ftigt.<\/p>\n\n\n\n<p>Sp\u00e4ter hatte ich die Musik zum Sammelspa\u00df gemacht. in meinem kleinen &#8222;Archiv&#8220;, das ich in den 80er und 90er Jahren auch als DJ nutzte, gab es \u00fcber 500 Stunden Musik. Davon ist heute nur noch ein Bruchteil \u00fcbrig geblieben.<\/p>\n\n\n\n<p>Anfang 2008 habe ich Anke kennengelernt. Bei Besuchen bei ihren Eltern wurde mir von dem ganz speziellen Hobby ihrer Mutter erz\u00e4hlt. So nach und nach bekam ich den einen oder anderen Einblick in die dort existierende Sammelleidenschaft.<\/p>\n\n\n\n<p>Im Oktober 2008 konnte ich dann das erste Mal als Gast an einem Tauschtreffen teilnehmen. G\u00e4ste sind immer sehr willkommen und brauchen auch keinen Eintritt zu zahlen. Ich war sehr beeindruckt. So viele Leute&#8230; Und so viel Zucker auf den Tischen&#8230;<\/p>\n\n\n\n<p>Im M\u00e4rz 2009 fand der n\u00e4chste Tauschtag in Berlin statt. Auch hier konnte ich wieder als Gast dabei sein. Und wieder lief ich von Tisch zu Tisch und kam aus dem Staunen kaum wieder &#8218;raus. So viele verschiedene  Formen mit unz\u00e4hligen Motiven&#8230; und all das sollen &#8222;Doppelte&#8220; sein&#8230; <\/p>\n\n\n\n<p>irgendwann wurde ich angesprochen: &#8222;Wenn dir was gef\u00e4llt, nimm ruhig mit!&#8220; In einer Kiste fiel mir eine T\u00fcte mit einem Schmetterling auf. Die wollte ich haben. Nun hatte ich nicht nur Schmetterlinge im Bauch, denn bis zur Hochzeit mit Anke war es kein halbes Jahr mehr.<\/p>\n\n\n<div class=\"wp-block-image is-style-default\">\n<figure data-wp-context=\"{&quot;imageId&quot;:&quot;69e30a25207d8&quot;}\" data-wp-interactive=\"core\/image\" data-wp-key=\"69e30a25207d8\" class=\"aligncenter size-full wp-lightbox-container\"><img loading=\"lazy\" decoding=\"async\" width=\"234\" height=\"141\" data-wp-class--hide=\"state.isContentHidden\" data-wp-class--show=\"state.isContentVisible\" data-wp-init=\"callbacks.setButtonStyles\" data-wp-on--click=\"actions.showLightbox\" data-wp-on--load=\"callbacks.setButtonStyles\" data-wp-on-window--resize=\"callbacks.setButtonStyles\" src=\"http:\/\/zuckersammler.net\/wp-content\/uploads\/2024\/04\/aro_Schmetterlinge_braun_04-V.jpg\" alt=\"\" class=\"wp-image-2673\" title=\"\"\/><button\n\t\t\tclass=\"lightbox-trigger\"\n\t\t\ttype=\"button\"\n\t\t\taria-haspopup=\"dialog\"\n\t\t\taria-label=\"Vergr\u00f6\u00dfern\"\n\t\t\tdata-wp-init=\"callbacks.initTriggerButton\"\n\t\t\tdata-wp-on--click=\"actions.showLightbox\"\n\t\t\tdata-wp-style--right=\"state.imageButtonRight\"\n\t\t\tdata-wp-style--top=\"state.imageButtonTop\"\n\t\t>\n\t\t\t<svg xmlns=\"http:\/\/www.w3.org\/2000\/svg\" width=\"12\" height=\"12\" fill=\"none\" viewBox=\"0 0 12 12\">\n\t\t\t\t<path fill=\"#fff\" d=\"M2 0a2 2 0 0 0-2 2v2h1.5V2a.5.5 0 0 1 .5-.5h2V0H2Zm2 10.5H2a.5.5 0 0 1-.5-.5V8H0v2a2 2 0 0 0 2 2h2v-1.5ZM8 12v-1.5h2a.5.5 0 0 0 .5-.5V8H12v2a2 2 0 0 1-2 2H8Zm2-12a2 2 0 0 1 2 2v2h-1.5V2a.5.5 0 0 0-.5-.5H8V0h2Z\" \/>\n\t\t\t<\/svg>\n\t\t<\/button><\/figure>\n<\/div>\n\n\n<p>Zuhause erfuhr ich dann, dass dies T\u00fcte schon sehr alt ist. Davon gibt es noch <a href=\"https:\/\/zuckersammler.net\/?page_id=2669\" data-type=\"link\" data-id=\"https:\/\/zuckersammler.net\/?page_id=2669\">mehr Motive, also eine Serie<\/a>. Diese habe ich viel sp\u00e4ter bei einem Tauschtreffen in Veldhoven erhalten. Beim genaueren Betrachten der T\u00fcten sieht man, dass diese nicht gerade sorgsam ge\u00f6ffnet wurden. Ein kleiner fast unsichtbarer Schnitt in einer Ecke der R\u00fcckseite w\u00e4re viel besser gewesen&#8230;<\/p>\n\n\n\n<figure class=\"wp-block-gallery has-nested-images columns-default is-cropped wp-block-gallery-2 is-layout-flex wp-block-gallery-is-layout-flex\">\n<figure data-wp-context=\"{&quot;imageId&quot;:&quot;69e30a2520fa2&quot;}\" data-wp-interactive=\"core\/image\" data-wp-key=\"69e30a2520fa2\" class=\"wp-block-image size-full is-style-default wp-duotone-unset-1 wp-lightbox-container\"><img loading=\"lazy\" decoding=\"async\" width=\"296\" height=\"51\" data-wp-class--hide=\"state.isContentHidden\" data-wp-class--show=\"state.isContentVisible\" data-wp-init=\"callbacks.setButtonStyles\" data-wp-on--click=\"actions.showLightbox\" data-wp-on--load=\"callbacks.setButtonStyles\" data-wp-on-window--resize=\"callbacks.setButtonStyles\" data-id=\"2854\" src=\"https:\/\/zuckersammler.net\/wp-content\/uploads\/2024\/04\/VHFG-BV_Srueche-01-V.jpg\" alt=\"\" class=\"wp-image-2854\" title=\"\"\/><button\n\t\t\tclass=\"lightbox-trigger\"\n\t\t\ttype=\"button\"\n\t\t\taria-haspopup=\"dialog\"\n\t\t\taria-label=\"Vergr\u00f6\u00dfern\"\n\t\t\tdata-wp-init=\"callbacks.initTriggerButton\"\n\t\t\tdata-wp-on--click=\"actions.showLightbox\"\n\t\t\tdata-wp-style--right=\"state.imageButtonRight\"\n\t\t\tdata-wp-style--top=\"state.imageButtonTop\"\n\t\t>\n\t\t\t<svg xmlns=\"http:\/\/www.w3.org\/2000\/svg\" width=\"12\" height=\"12\" fill=\"none\" viewBox=\"0 0 12 12\">\n\t\t\t\t<path fill=\"#fff\" d=\"M2 0a2 2 0 0 0-2 2v2h1.5V2a.5.5 0 0 1 .5-.5h2V0H2Zm2 10.5H2a.5.5 0 0 1-.5-.5V8H0v2a2 2 0 0 0 2 2h2v-1.5ZM8 12v-1.5h2a.5.5 0 0 0 .5-.5V8H12v2a2 2 0 0 1-2 2H8Zm2-12a2 2 0 0 1 2 2v2h-1.5V2a.5.5 0 0 0-.5-.5H8V0h2Z\" \/>\n\t\t\t<\/svg>\n\t\t<\/button><\/figure>\n\n\n\n<figure data-wp-context=\"{&quot;imageId&quot;:&quot;69e30a25211f5&quot;}\" data-wp-interactive=\"core\/image\" data-wp-key=\"69e30a25211f5\" class=\"wp-block-image size-full is-style-default wp-lightbox-container\"><img loading=\"lazy\" decoding=\"async\" width=\"296\" height=\"55\" data-wp-class--hide=\"state.isContentHidden\" data-wp-class--show=\"state.isContentVisible\" data-wp-init=\"callbacks.setButtonStyles\" data-wp-on--click=\"actions.showLightbox\" data-wp-on--load=\"callbacks.setButtonStyles\" data-wp-on-window--resize=\"callbacks.setButtonStyles\" data-id=\"2855\" src=\"https:\/\/zuckersammler.net\/wp-content\/uploads\/2024\/04\/VHFG-BV_Srueche-01-R.jpg\" alt=\"\" class=\"wp-image-2855\" title=\"R\u00fcckseite\"\/><button\n\t\t\tclass=\"lightbox-trigger\"\n\t\t\ttype=\"button\"\n\t\t\taria-haspopup=\"dialog\"\n\t\t\taria-label=\"Vergr\u00f6\u00dfern\"\n\t\t\tdata-wp-init=\"callbacks.initTriggerButton\"\n\t\t\tdata-wp-on--click=\"actions.showLightbox\"\n\t\t\tdata-wp-style--right=\"state.imageButtonRight\"\n\t\t\tdata-wp-style--top=\"state.imageButtonTop\"\n\t\t>\n\t\t\t<svg xmlns=\"http:\/\/www.w3.org\/2000\/svg\" width=\"12\" height=\"12\" fill=\"none\" viewBox=\"0 0 12 12\">\n\t\t\t\t<path fill=\"#fff\" d=\"M2 0a2 2 0 0 0-2 2v2h1.5V2a.5.5 0 0 1 .5-.5h2V0H2Zm2 10.5H2a.5.5 0 0 1-.5-.5V8H0v2a2 2 0 0 0 2 2h2v-1.5ZM8 12v-1.5h2a.5.5 0 0 0 .5-.5V8H12v2a2 2 0 0 1-2 2H8Zm2-12a2 2 0 0 1 2 2v2h-1.5V2a.5.5 0 0 0-.5-.5H8V0h2Z\" \/>\n\t\t\t<\/svg>\n\t\t<\/button><\/figure>\n<\/figure>\n\n\n\n<p>Sch\u00f6ne und seltene Motive mag ich. Deshalb gibt es in meiner kleinen nach Motiven geordneten Sammlung nicht nur Schmetterlinge, sondern inzwischen auch<\/p>\n\n\n\n<ul class=\"wp-block-list\">\n<li>Tiere:\n<ul class=\"wp-block-list\">\n<li><a href=\"https:\/\/zuckersammler.net\/?page_id=2795\" data-type=\"link\" data-id=\"https:\/\/zuckersammler.net\/?page_id=2795\">Fische<\/a> und <a href=\"https:\/\/zuckersammler.net\/?page_id=3201\" data-type=\"link\" data-id=\"https:\/\/zuckersammler.net\/?page_id=3201\">Meer &amp; Mehr<\/a><\/li>\n\n\n\n<li><a href=\"https:\/\/zuckersammler.net\/?page_id=2643\" data-type=\"link\" data-id=\"https:\/\/zuckersammler.net\/?page_id=2643\">Schmetterlinge<\/a><\/li>\n\n\n\n<li><a href=\"https:\/\/zuckersammler.net\/?page_id=2819\" data-type=\"link\" data-id=\"https:\/\/zuckersammler.net\/?page_id=2819\">V\u00f6gel<\/a><\/li>\n\n\n\n<li><a href=\"https:\/\/zuckersammler.net\/?page_id=3541\" data-type=\"link\" data-id=\"https:\/\/zuckersammler.net\/?page_id=3541\">Verschiedene Tiere<\/a><\/li>\n<\/ul>\n<\/li>\n\n\n\n<li><a href=\"https:\/\/zuckersammler.net\/?page_id=3221\" data-type=\"link\" data-id=\"https:\/\/zuckersammler.net\/?page_id=3221\">Blumen<\/a><\/li>\n\n\n\n<li><a href=\"https:\/\/zuckersammler.net\/?page_id=4804&#x2197;\" data-type=\"link\" data-id=\"https:\/\/zuckersammler.net\/?page_id=4804&#x2197;\">Sehensw\u00fcrdigkeiten<\/a><\/li>\n\n\n\n<li><a href=\"https:\/\/zuckersammler.net\/?page_id=4515\" data-type=\"link\" data-id=\"https:\/\/zuckersammler.net\/?page_id=4515\">Autos<\/a> und <a href=\"https:\/\/zuckersammler.net\/?page_id=3211&#x2197;\" data-type=\"link\" data-id=\"https:\/\/zuckersammler.net\/?page_id=3211&#x2197;\">Oldtimer<\/a><\/li>\n\n\n\n<li><a href=\"https:\/\/zuckersammler.net\/?page_id=2871\" data-type=\"link\" data-id=\"https:\/\/zuckersammler.net\/?page_id=2871\">Spr\u00fcche <\/a>und <a href=\"https:\/\/zuckersammler.net\/?page_id=2900\" data-type=\"link\" data-id=\"https:\/\/zuckersammler.net\/?page_id=2900\">Weisheiten<\/a>, oder <a href=\"https:\/\/zuckersammler.net\/?page_id=3131\" data-type=\"link\" data-id=\"https:\/\/zuckersammler.net\/?page_id=3131\">Spr\u00fcche von B\u00e4ckereien<\/a> und <a href=\"https:\/\/zuckersammler.net\/?page_id=5262\" data-type=\"link\" data-id=\"https:\/\/zuckersammler.net\/?page_id=5262\">Zuversicht<\/a><\/li>\n\n\n\n<li><a href=\"https:\/\/zuckersammler.net\/?page_id=5382\" data-type=\"link\" data-id=\"https:\/\/zuckersammler.net\/?page_id=5382\">Sport<\/a><\/li>\n\n\n\n<li><a href=\"https:\/\/zuckersammler.net\/?page_id=2997\" data-type=\"link\" data-id=\"https:\/\/zuckersammler.net\/?page_id=2997\">Fu\u00dfball<\/a> und <a href=\"https:\/\/zuckersammler.net\/?page_id=2964\" data-type=\"link\" data-id=\"https:\/\/zuckersammler.net\/?page_id=2964\">Fu\u00dfballspr\u00fcche<\/a><\/li>\n\n\n\n<li><a href=\"https:\/\/zuckersammler.net\/?page_id=3616\" data-type=\"link\" data-id=\"https:\/\/zuckersammler.net\/?page_id=3616\">Sternzeichen<\/a><\/li>\n\n\n\n<li><a href=\"https:\/\/zuckersammler.net\/?page_id=4158\" data-type=\"link\" data-id=\"https:\/\/zuckersammler.net\/?page_id=4158\">T\u00fcten in Herzform<\/a><\/li>\n\n\n\n<li><a href=\"https:\/\/zuckersammler.net\/?page_id=3239\" data-type=\"link\" data-id=\"https:\/\/zuckersammler.net\/?page_id=3239\">W\u00fcrfelzucker: Serien und Einzelst\u00fccke<\/a><\/li>\n\n\n\n<li><a href=\"https:\/\/zuckersammler.net\/?page_id=3286\" data-type=\"link\" data-id=\"https:\/\/zuckersammler.net\/?page_id=3286\">Seltene St\u00fccke<\/a><\/li>\n\n\n\n<li><a href=\"https:\/\/zuckersammler.net\/?page_id=4228\" data-type=\"link\" data-id=\"https:\/\/zuckersammler.net\/?page_id=4228\">Weihnachten<\/a><\/li>\n<\/ul>\n\n\n\n<p>Nat\u00fcrlich sind die unter den oben genannten Themen aufgef\u00fchrten St\u00fccke oder T\u00fcten nur eine kleine Auswahl. Vielleicht ist das schon f\u00fcr eine Inspiration, wie eine Sammlung aufgebaut werden kann.<\/p>\n\n\n\n<p>Seit 2011 bin ich Mitglied der EGZ.<\/p>\n\n\n\n<figure class=\"wp-block-gallery has-nested-images columns-default is-cropped wp-block-gallery-4 is-layout-flex wp-block-gallery-is-layout-flex\">\n<figure data-wp-context=\"{&quot;imageId&quot;:&quot;69e30a2521804&quot;}\" data-wp-interactive=\"core\/image\" data-wp-key=\"69e30a2521804\" class=\"wp-block-image size-full is-style-default wp-duotone-unset-3 wp-lightbox-container\"><img loading=\"lazy\" decoding=\"async\" width=\"292\" height=\"53\" data-wp-class--hide=\"state.isContentHidden\" data-wp-class--show=\"state.isContentVisible\" data-wp-init=\"callbacks.setButtonStyles\" data-wp-on--click=\"actions.showLightbox\" data-wp-on--load=\"callbacks.setButtonStyles\" data-wp-on-window--resize=\"callbacks.setButtonStyles\" data-id=\"2857\" src=\"https:\/\/zuckersammler.net\/wp-content\/uploads\/2024\/04\/VHFG-BV_Srueche-02-V.jpg\" alt=\"\" class=\"wp-image-2857\" title=\"\"\/><button\n\t\t\tclass=\"lightbox-trigger\"\n\t\t\ttype=\"button\"\n\t\t\taria-haspopup=\"dialog\"\n\t\t\taria-label=\"Vergr\u00f6\u00dfern\"\n\t\t\tdata-wp-init=\"callbacks.initTriggerButton\"\n\t\t\tdata-wp-on--click=\"actions.showLightbox\"\n\t\t\tdata-wp-style--right=\"state.imageButtonRight\"\n\t\t\tdata-wp-style--top=\"state.imageButtonTop\"\n\t\t>\n\t\t\t<svg xmlns=\"http:\/\/www.w3.org\/2000\/svg\" width=\"12\" height=\"12\" fill=\"none\" viewBox=\"0 0 12 12\">\n\t\t\t\t<path fill=\"#fff\" d=\"M2 0a2 2 0 0 0-2 2v2h1.5V2a.5.5 0 0 1 .5-.5h2V0H2Zm2 10.5H2a.5.5 0 0 1-.5-.5V8H0v2a2 2 0 0 0 2 2h2v-1.5ZM8 12v-1.5h2a.5.5 0 0 0 .5-.5V8H12v2a2 2 0 0 1-2 2H8Zm2-12a2 2 0 0 1 2 2v2h-1.5V2a.5.5 0 0 0-.5-.5H8V0h2Z\" \/>\n\t\t\t<\/svg>\n\t\t<\/button><\/figure>\n\n\n\n<figure data-wp-context=\"{&quot;imageId&quot;:&quot;69e30a2521a4b&quot;}\" data-wp-interactive=\"core\/image\" data-wp-key=\"69e30a2521a4b\" class=\"wp-block-image size-full is-style-default wp-lightbox-container\"><img loading=\"lazy\" decoding=\"async\" width=\"293\" height=\"55\" data-wp-class--hide=\"state.isContentHidden\" data-wp-class--show=\"state.isContentVisible\" data-wp-init=\"callbacks.setButtonStyles\" data-wp-on--click=\"actions.showLightbox\" data-wp-on--load=\"callbacks.setButtonStyles\" data-wp-on-window--resize=\"callbacks.setButtonStyles\" data-id=\"2858\" src=\"https:\/\/zuckersammler.net\/wp-content\/uploads\/2024\/04\/VHFG-BV_Srueche-02-R.jpg\" alt=\"\" class=\"wp-image-2858\" title=\"R\u00fcckseite\"\/><button\n\t\t\tclass=\"lightbox-trigger\"\n\t\t\ttype=\"button\"\n\t\t\taria-haspopup=\"dialog\"\n\t\t\taria-label=\"Vergr\u00f6\u00dfern\"\n\t\t\tdata-wp-init=\"callbacks.initTriggerButton\"\n\t\t\tdata-wp-on--click=\"actions.showLightbox\"\n\t\t\tdata-wp-style--right=\"state.imageButtonRight\"\n\t\t\tdata-wp-style--top=\"state.imageButtonTop\"\n\t\t>\n\t\t\t<svg xmlns=\"http:\/\/www.w3.org\/2000\/svg\" width=\"12\" height=\"12\" fill=\"none\" viewBox=\"0 0 12 12\">\n\t\t\t\t<path fill=\"#fff\" d=\"M2 0a2 2 0 0 0-2 2v2h1.5V2a.5.5 0 0 1 .5-.5h2V0H2Zm2 10.5H2a.5.5 0 0 1-.5-.5V8H0v2a2 2 0 0 0 2 2h2v-1.5ZM8 12v-1.5h2a.5.5 0 0 0 .5-.5V8H12v2a2 2 0 0 1-2 2H8Zm2-12a2 2 0 0 1 2 2v2h-1.5V2a.5.5 0 0 0-.5-.5H8V0h2Z\" \/>\n\t\t\t<\/svg>\n\t\t<\/button><\/figure>\n<\/figure>\n\n\n\n<p>So nach und nach \u00fcbernahm ich:<\/p>\n\n\n\n<ul class=\"wp-block-list\">\n<li>Fotografie<\/li>\n\n\n\n<li>Herstellen der Mitgliedskarten<\/li>\n\n\n\n<li>Hilfe bei den Tauschtagen<\/li>\n\n\n\n<li>F\u00fchren des Sammlerverzeichnis<\/li>\n<\/ul>\n\n\n\n<p>Im August 2021 begann ich als<\/p>\n\n\n\n<ul class=\"wp-block-list\">\n<li>Webmaster mit der\n<ul class=\"wp-block-list\">\n<li>\u00dcberwachung und Aktualisierung der Eintragungen in der Homepage<\/li>\n\n\n\n<li>Bildbearbeitung &amp; Bildverarbeitung<\/li>\n<\/ul>\n<\/li>\n<\/ul>\n\n\n\n<figure class=\"wp-block-gallery has-nested-images columns-default is-cropped wp-block-gallery-6 is-layout-flex wp-block-gallery-is-layout-flex\">\n<figure data-wp-context=\"{&quot;imageId&quot;:&quot;69e30a2521e9f&quot;}\" data-wp-interactive=\"core\/image\" data-wp-key=\"69e30a2521e9f\" class=\"wp-block-image size-full is-style-default wp-duotone-unset-5 wp-lightbox-container\"><img loading=\"lazy\" decoding=\"async\" width=\"292\" height=\"53\" data-wp-class--hide=\"state.isContentHidden\" data-wp-class--show=\"state.isContentVisible\" data-wp-init=\"callbacks.setButtonStyles\" data-wp-on--click=\"actions.showLightbox\" data-wp-on--load=\"callbacks.setButtonStyles\" data-wp-on-window--resize=\"callbacks.setButtonStyles\" data-id=\"2859\" src=\"https:\/\/zuckersammler.net\/wp-content\/uploads\/2024\/04\/VHFG-BV_Srueche-03-V.jpg\" alt=\"\" class=\"wp-image-2859\" title=\"\"\/><button\n\t\t\tclass=\"lightbox-trigger\"\n\t\t\ttype=\"button\"\n\t\t\taria-haspopup=\"dialog\"\n\t\t\taria-label=\"Vergr\u00f6\u00dfern\"\n\t\t\tdata-wp-init=\"callbacks.initTriggerButton\"\n\t\t\tdata-wp-on--click=\"actions.showLightbox\"\n\t\t\tdata-wp-style--right=\"state.imageButtonRight\"\n\t\t\tdata-wp-style--top=\"state.imageButtonTop\"\n\t\t>\n\t\t\t<svg xmlns=\"http:\/\/www.w3.org\/2000\/svg\" width=\"12\" height=\"12\" fill=\"none\" viewBox=\"0 0 12 12\">\n\t\t\t\t<path fill=\"#fff\" d=\"M2 0a2 2 0 0 0-2 2v2h1.5V2a.5.5 0 0 1 .5-.5h2V0H2Zm2 10.5H2a.5.5 0 0 1-.5-.5V8H0v2a2 2 0 0 0 2 2h2v-1.5ZM8 12v-1.5h2a.5.5 0 0 0 .5-.5V8H12v2a2 2 0 0 1-2 2H8Zm2-12a2 2 0 0 1 2 2v2h-1.5V2a.5.5 0 0 0-.5-.5H8V0h2Z\" \/>\n\t\t\t<\/svg>\n\t\t<\/button><\/figure>\n\n\n\n<figure data-wp-context=\"{&quot;imageId&quot;:&quot;69e30a25220cb&quot;}\" data-wp-interactive=\"core\/image\" data-wp-key=\"69e30a25220cb\" class=\"wp-block-image size-full is-style-default wp-lightbox-container\"><img loading=\"lazy\" decoding=\"async\" width=\"294\" height=\"55\" data-wp-class--hide=\"state.isContentHidden\" data-wp-class--show=\"state.isContentVisible\" data-wp-init=\"callbacks.setButtonStyles\" data-wp-on--click=\"actions.showLightbox\" data-wp-on--load=\"callbacks.setButtonStyles\" data-wp-on-window--resize=\"callbacks.setButtonStyles\" data-id=\"2860\" src=\"https:\/\/zuckersammler.net\/wp-content\/uploads\/2024\/04\/VHFG-BV_Srueche-03-R.jpg\" alt=\"\" class=\"wp-image-2860\" title=\"R\u00fcckseite\"\/><button\n\t\t\tclass=\"lightbox-trigger\"\n\t\t\ttype=\"button\"\n\t\t\taria-haspopup=\"dialog\"\n\t\t\taria-label=\"Vergr\u00f6\u00dfern\"\n\t\t\tdata-wp-init=\"callbacks.initTriggerButton\"\n\t\t\tdata-wp-on--click=\"actions.showLightbox\"\n\t\t\tdata-wp-style--right=\"state.imageButtonRight\"\n\t\t\tdata-wp-style--top=\"state.imageButtonTop\"\n\t\t>\n\t\t\t<svg xmlns=\"http:\/\/www.w3.org\/2000\/svg\" width=\"12\" height=\"12\" fill=\"none\" viewBox=\"0 0 12 12\">\n\t\t\t\t<path fill=\"#fff\" d=\"M2 0a2 2 0 0 0-2 2v2h1.5V2a.5.5 0 0 1 .5-.5h2V0H2Zm2 10.5H2a.5.5 0 0 1-.5-.5V8H0v2a2 2 0 0 0 2 2h2v-1.5ZM8 12v-1.5h2a.5.5 0 0 0 .5-.5V8H12v2a2 2 0 0 1-2 2H8Zm2-12a2 2 0 0 1 2 2v2h-1.5V2a.5.5 0 0 0-.5-.5H8V0h2Z\" \/>\n\t\t\t<\/svg>\n\t\t<\/button><\/figure>\n<\/figure>\n\n\n\n<p>Hans-J\u00fcrgen von Aswege<\/p>\n\n\n\n<p><\/p>\n\n\n\n<p><a href=\"https:\/\/zuckersammler.net\/?page_id=96\" data-type=\"link\" data-id=\"https:\/\/zuckersammler.net\/?page_id=96\">Kontakt<\/a><\/p>\n\n\n<div class=\"wp-block-image is-style-default\">\n<figure data-wp-context=\"{&quot;imageId&quot;:&quot;69e30a252241c&quot;}\" data-wp-interactive=\"core\/image\" data-wp-key=\"69e30a252241c\" class=\"aligncenter size-full wp-lightbox-container\"><img loading=\"lazy\" decoding=\"async\" width=\"163\" height=\"162\" data-wp-class--hide=\"state.isContentHidden\" data-wp-class--show=\"state.isContentVisible\" data-wp-init=\"callbacks.setButtonStyles\" data-wp-on--click=\"actions.showLightbox\" data-wp-on--load=\"callbacks.setButtonStyles\" data-wp-on-window--resize=\"callbacks.setButtonStyles\" src=\"http:\/\/zuckersammler.net\/wp-content\/uploads\/2024\/04\/Extrablatt_01-V.jpg\" alt=\"\" class=\"wp-image-2777\" title=\"R\u00fcckseite\" srcset=\"https:\/\/zuckersammler.net\/wp-content\/uploads\/2024\/04\/Extrablatt_01-V.jpg 163w, https:\/\/zuckersammler.net\/wp-content\/uploads\/2024\/04\/Extrablatt_01-V-150x150.jpg 150w, https:\/\/zuckersammler.net\/wp-content\/uploads\/2024\/04\/Extrablatt_01-V-100x100.jpg 100w\" sizes=\"auto, (max-width: 163px) 100vw, 163px\" \/><button\n\t\t\tclass=\"lightbox-trigger\"\n\t\t\ttype=\"button\"\n\t\t\taria-haspopup=\"dialog\"\n\t\t\taria-label=\"Vergr\u00f6\u00dfern\"\n\t\t\tdata-wp-init=\"callbacks.initTriggerButton\"\n\t\t\tdata-wp-on--click=\"actions.showLightbox\"\n\t\t\tdata-wp-style--right=\"state.imageButtonRight\"\n\t\t\tdata-wp-style--top=\"state.imageButtonTop\"\n\t\t>\n\t\t\t<svg xmlns=\"http:\/\/www.w3.org\/2000\/svg\" width=\"12\" height=\"12\" fill=\"none\" viewBox=\"0 0 12 12\">\n\t\t\t\t<path fill=\"#fff\" d=\"M2 0a2 2 0 0 0-2 2v2h1.5V2a.5.5 0 0 1 .5-.5h2V0H2Zm2 10.5H2a.5.5 0 0 1-.5-.5V8H0v2a2 2 0 0 0 2 2h2v-1.5ZM8 12v-1.5h2a.5.5 0 0 0 .5-.5V8H12v2a2 2 0 0 1-2 2H8Zm2-12a2 2 0 0 1 2 2v2h-1.5V2a.5.5 0 0 0-.5-.5H8V0h2Z\" \/>\n\t\t\t<\/svg>\n\t\t<\/button><\/figure>\n<\/div>\n\n<div class=\"wp-block-image is-style-default\">\n<figure data-wp-context=\"{&quot;imageId&quot;:&quot;69e30a25226af&quot;}\" data-wp-interactive=\"core\/image\" data-wp-key=\"69e30a25226af\" class=\"aligncenter size-full is-resized wp-lightbox-container\"><img loading=\"lazy\" decoding=\"async\" width=\"163\" height=\"162\" data-wp-class--hide=\"state.isContentHidden\" data-wp-class--show=\"state.isContentVisible\" data-wp-init=\"callbacks.setButtonStyles\" data-wp-on--click=\"actions.showLightbox\" data-wp-on--load=\"callbacks.setButtonStyles\" data-wp-on-window--resize=\"callbacks.setButtonStyles\" src=\"http:\/\/zuckersammler.net\/wp-content\/uploads\/2024\/04\/Extrablatt_01-R.jpg\" alt=\"\" class=\"wp-image-2778\" style=\"width:163px;height:auto\" title=\"R\u00fcckseite\" srcset=\"https:\/\/zuckersammler.net\/wp-content\/uploads\/2024\/04\/Extrablatt_01-R.jpg 163w, https:\/\/zuckersammler.net\/wp-content\/uploads\/2024\/04\/Extrablatt_01-R-150x150.jpg 150w, https:\/\/zuckersammler.net\/wp-content\/uploads\/2024\/04\/Extrablatt_01-R-100x100.jpg 100w\" sizes=\"auto, (max-width: 163px) 100vw, 163px\" \/><button\n\t\t\tclass=\"lightbox-trigger\"\n\t\t\ttype=\"button\"\n\t\t\taria-haspopup=\"dialog\"\n\t\t\taria-label=\"Vergr\u00f6\u00dfern\"\n\t\t\tdata-wp-init=\"callbacks.initTriggerButton\"\n\t\t\tdata-wp-on--click=\"actions.showLightbox\"\n\t\t\tdata-wp-style--right=\"state.imageButtonRight\"\n\t\t\tdata-wp-style--top=\"state.imageButtonTop\"\n\t\t>\n\t\t\t<svg xmlns=\"http:\/\/www.w3.org\/2000\/svg\" width=\"12\" height=\"12\" fill=\"none\" viewBox=\"0 0 12 12\">\n\t\t\t\t<path fill=\"#fff\" d=\"M2 0a2 2 0 0 0-2 2v2h1.5V2a.5.5 0 0 1 .5-.5h2V0H2Zm2 10.5H2a.5.5 0 0 1-.5-.5V8H0v2a2 2 0 0 0 2 2h2v-1.5ZM8 12v-1.5h2a.5.5 0 0 0 .5-.5V8H12v2a2 2 0 0 1-2 2H8Zm2-12a2 2 0 0 1 2 2v2h-1.5V2a.5.5 0 0 0-.5-.5H8V0h2Z\" \/>\n\t\t\t<\/svg>\n\t\t<\/button><\/figure>\n<\/div>","protected":false},"excerpt":{"rendered":"<p>Dass man viele Dinge sammeln kann, ist jedem bekannt. So auch mir. Vor vielen Jahren habe ich mich mit besch\u00e4ftigt. Sp\u00e4ter hatte ich die Musik zum Sammelspa\u00df gemacht. in meinem kleinen &#8222;Archiv&#8220;, das ich in den 80er und 90er Jahren auch als DJ nutzte, gab es \u00fcber 500 Stunden Musik. Davon ist heute nur noch [&hellip;]<\/p>\n","protected":false},"author":2,"featured_media":0,"parent":0,"menu_order":0,"comment_status":"closed","ping_status":"closed","template":"page-templates\/full-width.php","meta":{"footnotes":""},"class_list":["post-2453","page","type-page","status-publish","hentry"],"_links":{"self":[{"href":"https:\/\/zuckersammler.net\/index.php?rest_route=\/wp\/v2\/pages\/2453","targetHints":{"allow":["GET"]}}],"collection":[{"href":"https:\/\/zuckersammler.net\/index.php?rest_route=\/wp\/v2\/pages"}],"about":[{"href":"https:\/\/zuckersammler.net\/index.php?rest_route=\/wp\/v2\/types\/page"}],"author":[{"embeddable":true,"href":"https:\/\/zuckersammler.net\/index.php?rest_route=\/wp\/v2\/users\/2"}],"replies":[{"embeddable":true,"href":"https:\/\/zuckersammler.net\/index.php?rest_route=%2Fwp%2Fv2%2Fcomments&post=2453"}],"version-history":[{"count":90,"href":"https:\/\/zuckersammler.net\/index.php?rest_route=\/wp\/v2\/pages\/2453\/revisions"}],"predecessor-version":[{"id":5405,"href":"https:\/\/zuckersammler.net\/index.php?rest_route=\/wp\/v2\/pages\/2453\/revisions\/5405"}],"wp:attachment":[{"href":"https:\/\/zuckersammler.net\/index.php?rest_route=%2Fwp%2Fv2%2Fmedia&parent=2453"}],"curies":[{"name":"wp","href":"https:\/\/api.w.org\/{rel}","templated":true}]}}